 is divided by 1857.
1483
Calculate the remainder when 4370 is divided by 198.
14
Calculate the remainder when 36971 is divided by 139.
136
What is the remainder when 89490 is divided by 24?
18
What is the remainder when 30024 is divided by 112?
8
Calculate the remainder when 861627 is divided by 28.
11
Calculate the remainder when 39899 is divided by 403.
2
What is the remainder when 323 is divided by 40?
3
What is the remainder when 1243909 is divided by 1704?
1693
Calculate the remainder when 1576648 is divided by 9441.
1
What is the remainder when 924153 is divided by 64?
57
Calculate the remainder when 363 is divided by 43.
19
Calculate the remainder when 49396 is divided by 216.
148
Calculate the remainder when 35936 is divided by 17964.
8
What is the remainder when 2348 is divided by 476?
444
What is the remainder when 1522 is divided by 557?
408
Calculate the remainder when 294798 is divided by 75.
48
Calculate the remainder when 78815 is divided by 26271.
2
Calculate the remainder when 42546 is divided by 24.
18
Calculate the remainder when 1431969 is divided by 1124.
1117
Calculate the remainder when 55409 is divided by 7898.
123
What is the remainder when 67805 is divided by 41?
32
Calculate the remainder when 155114 is divided by 181.
178
Calculate the remainder when 10325 is divided by 5148.
29
What is the remainder when 2111 is divided by 267?
242
Calculate the remainder when 14785 is divided by 166.
11
What is the remainder when 90767 is divided by 45367?
33
Calculate the remainder when 1069506 is divided by 587.
579
What is the remainder when 3376670 is divided by 19?
9
Calculate the remainder when 2596 is divided by 1781.
815
What is the remainder when 46921 is divided by 585?
121
Calculate the remainder when 160612 is divided by 38.
24
Calculate the remainder when 27342 is divided by 13669.
4
Calculate the remainder when 168133 is divided by 1085.
1043
Calculate the remainder when 54399 is divided by 40.
39
Calculate the remainder when 7385 is divided by 196.
133
Calculate the remainder when 3164 is divided by 314.
24
What is the remainder when 78670 is divided by 510?
130
Calculate the remainder when 2056569 is divided by 163.
161
What is the remainder when 650 is divided by 134?
114
Calculate the remainder when 921 is divided by 476.
445
What is the remainder when 1464 is divided by 28?
8
What is the remainder when 39793 is divided by 297?
292
Calculate the remainder when 11382 is divided by 523.
399
What is the remainder when 112221 is divided by 84?
81
Calculate the remainder when 2479879 is divided by 326.
323
What is the remainder when 3114 is divided by 155?
14
What is the remainder when 92212 is divided by 92197?
15
Calculate the remainder when 186420 is divided by 23300.
20
Calculate the remainder when 2023 is divided by 979.
65
What is the remainder when 706242 is divided by 14?
12
What is the remainder when 11968 is divided by 57?
55
What is the remainder when 1682086 is divided by 28?
14
What is the remainder when 3795 is divided by 52?
51
Calculate the remainder when 43692 is divided by 33.
0
What is the remainder when 406 is divided by 49?
14
Calculate the remainder when 233857 is divided by 62.
55
Calculate the remainder when 235624 is divided by 346.
344
What is the remainder when 16287 is divided by 111?
81
Calculate the remainder when 250871 is divided by 1386.
5
What is the remainder when 614373 is divided by 1449?
1446
What is the remainder when 14355 is divided by 396?
99
What is the remainder when 22344 is divided by 158?
66
Calculate the remainder when 211506 is divided by 23.
21
Calculate the remainder when 7319 is divided by 2202.
713
Calculate the remainder when 32579 is divided by 119.
92
What is the remainder when 569256 is divided by 19?
16
What is the remainder when 58560 is divided by 365?
160
What is the remainder when 1622 is divided by 317?
37
What is the remainder when 93373 is divided by 283?
266
Calculate the remainder when 88398 is divided by 309.
24
What is the remainder when 9590 is divided by 855?
185
Calculate the remainder when 1362 is divided by 66.
42
What is the remainder when 2856 is divided by 64?
40
Calculate the remainder when 36070 is divided by 1717.
13
Calculate the remainder when 152728 is divided by 50896.
40
Calculate the remainder when 39086 is divided by 3551.
25
Calculate the remainder when 4246 is divided by 1862.
522
Calculate the remainder when 8953 is divided by 158.
105
What is the remainder when 461774 is divided by 434?
432
Calculate the remainder when 7851 is divided by 1301.
45
What is the remainder when 64404 is divided by 264?
252
Calculate the remainder when 265 is divided by 209.
56
What is the remainder when 90 is divided by 29?
3
What is the remainder when 6483 is divided by 133?
99
What is the remainder when 310773 is divided by 155?
153
What is the remainder when 147112 is divided by 1731?
1708
What is the remainder when 136881 is divided by 31?
16
Calculate the remainder when 7168 is divided by 79.
58
Calculate the remainder when 5480 is divided by 1366.
16
What is the remainder when 1891 is divided by 138?
97
Calculate the remainder when 46680 is divided by 644.
312
Calculate the remainder when 46779 is divided by 339.
336
Calculate the remainder when 23897 is divided by 7931.
104
Calculate the remainder when 574 is divided by 431.
143
What is the remainder when 1117 is divided by 512?
93
What is the remainder when 41668 is divided by 6?
4
Calculate the remainder when 14439 is divided by 143.
139
What is the remainder when 2476 is divided by 389?
142
What is the remainder when 26753 is divided by 222?
113
What is the remainder when 115297 is divided by 3843?
7
What is the remainder when 79304 is divided by 33?
5
What is the remainder when 7021 is divided by 331?
70
What is the remainder when 35857 is divided by 307?
245
What is the remainder when 26804 is divided by 3?
2
What is the remainder when 666905 is divided by 85?
80
Calculate the remainder when 498899 is divided by 1185.
14
What is the remainder when 3565 is divided by 360?
325
Calculate the remainder when 1495761 is divided by 29.
28
Calculate the remainder when 27085 is divided by 5413.
20
Calculate the remainder when 15674 is divided by 815.
189
What is the remainder when 1468 is divided by 53?
37
Calculate the remainder when 32112 is divided by 15807.
498
What is the remainder when 43668 is divided by 2729?
4
What is the remainder when 138373 is divided by 390?
313
What is the remainder when 67885 is divided by 171?
169
Calculate the remainder when 15853 is divided by 277.
64
What is the remainder when 4388 is divided by 234?
176
What is the remainder when 32215 is divided by 537?
532
What is the remainder when 466495 is divided by 466493?
2
Calculate the remainder when 1721 is divided by 568.
17
Calculate the remainder when 452223 is divided by 16.
15
What is the remainder when 38901 is divided by 357?
345
Calculate the remainder when 593 is divided by 119.
117
Calculate the remainder when 3026 is divided by 962.
140
What is the remainder when 4784 is divided by 439?
394
Calculate the remainder when 10652 is divided by 2.
0
What is the remainder when 175163 is divided by 21892?
27
Calculate the remainder when 6067 is divided by 40.
27
Calculate the remainder when 1073342 is divided by 64.
62
Calculate the remainder when 8196 is divided by 513.
501
What is the remainder when 4732 is divided by 225?
7
What is the remainder when 7872 is divided by 225?
222
Calculate the remainder when 11947426 is divided by 10.
6
Calculate the remainder when 4012 is divided by 251.
247
What is the remainder when 4555 is divided by 169?
161
Calculate the remainder when 30208 is divided by 17.
16
What is the remainder when 172576 is divided by 29?
26
Calculate the remainder when 13573 is divided by 6.
1
What is the remainder when 4119 is divided by 1116?
771
Calculate the remainder when 1718113 is divided by 5.
3
What is the remainder when 1742 is divided by 73?
63
Calculate the remainder when 3449 is divided by 1034.
347
Calculate the remainder when 31941 is divided by 159.
141
Calculate the remainder when 8320 is divided by 287.
284
What is the remainder when 52925 is divided by 567?
194
What is the 